68
Calculate the highest common divisor of 6 and 138669.
3
What is the greatest common factor of 560985 and 5?
5
What is the highest common factor of 147379 and 503?
503
Calculate the highest common factor of 28095 and 6555.
15
What is the highest common factor of 64 and 925696?
64
What is the greatest common divisor of 3500 and 59750?
250
Calculate the greatest common factor of 538 and 3846.
2
What is the greatest common factor of 77 and 266651?
77
What is the highest common divisor of 7752 and 67728?
408
What is the greatest common divisor of 40418 and 14?
14
Calculate the greatest common divisor of 3460 and 1260.
20
What is the highest common divisor of 335 and 263377?
67
Calculate the highest common divisor of 4620 and 34980.
660
What is the greatest common factor of 416 and 76882?
26
What is the highest common factor of 561 and 6105?
33
What is the highest common divisor of 150 and 574450?
50
Calculate the highest common factor of 34902 and 441.
63
Calculate the highest common factor of 2787 and 3559928.
929
What is the highest common divisor of 66240 and 1725?
345
What is the greatest common factor of 252 and 32697?
63
What is the greatest common divisor of 1332 and 7694?
2
Calculate the highest common factor of 2363 and 95493.
139
Calculate the greatest common divisor of 174092 and 284.
284
Calculate the greatest common divisor of 32 and 1432264.
8
What is the greatest common divisor of 319528 and 304?
8
Calculate the greatest common factor of 10 and 971270.
10
What is the greatest common divisor of 1148 and 164?
164
What is the greatest common factor of 31376 and 70808?
424
What is the highest common divisor of 588629 and 237?
79
Calculate the greatest common divisor of 5031 and 15858.
9
Calculate the greatest common factor of 4573888 and 33.
11
Calculate the greatest common factor of 376 and 207928.
376
Calculate the highest common factor of 16 and 4305088.
16
What is the highest common factor of 4 and 23372?
4
What is the greatest common divisor of 14456 and 88?
8
Calculate the highest common divisor of 140 and 225155.
35
Calculate the greatest common factor of 46 and 7278442.
46
Calculate the greatest common factor of 53733 and 3.
3
What is the highest common factor of 450 and 2646?
18
What is the greatest common divisor of 6780 and 2724?
12
What is the greatest common factor of 256173 and 34?
17
What is the highest common factor of 1080 and 4374?
54
Calculate the greatest common divisor of 12 and 37866.
6
What is the highest common factor of 3 and 433689?
3
What is the highest common divisor of 101 and 2006567?
101
What is the highest common factor of 46387 and 33?
11
Calculate the highest common divisor of 3 and 9777.
3
Calculate the highest common factor of 13430 and 680.
170
Calculate the greatest common divisor of 8 and 1082624.
8
Calculate the highest common factor of 15 and 822165.
15
What is the highest common divisor of 33 and 35101?
11
What is the highest common factor of 155 and 582707?
31
What is the greatest common factor of 94 and 246938?
94
Calculate the greatest common divisor of 890 and 26878.
178
What is the greatest common divisor of 1798 and 106981?
899
Calculate the highest common factor of 774000 and 2322.
774
Calculate the greatest common factor of 412 and 246788.
412
Calculate the greatest common divisor of 2448 and 25800.
24
What is the greatest common factor of 252 and 535668?
84
What is the highest common factor of 34 and 419118?
34
What is the greatest common factor of 1060 and 1696?
212
What is the greatest common factor of 18 and 4267899?
9
What is the highest common divisor of 57519 and 77?
77
What is the highest common divisor of 3805200 and 56?
56
What is the highest common factor of 255701 and 241?
241
What is the highest common divisor of 133147 and 253?
23
What is the highest common factor of 2472 and 3479340?
1236
What is the highest common factor of 53529 and 175?
7
What is the highest common divisor of 185 and 1170310?
185
What is the greatest common factor of 3784 and 96008?
88
Calculate the highest common divisor of 18721 and 965.
193
Calculate the greatest common factor of 2277 and 400131.
207
What is the greatest common factor of 110 and 1510?
10
Calculate the highest common factor of 1547460 and 45.
45
What is the greatest common factor of 75 and 1139025?
75
What is the greatest common divisor of 180 and 4581?
9
Calculate the highest common divisor of 21808 and 290.
58
What is the highest common divisor of 4122 and 7290?
18
Calculate the greatest common divisor of 3014 and 407.
11
Calculate the highest common divisor of 15 and 102864.
3
What is the greatest common divisor of 97 and 41225?
97
What is the greatest common divisor of 17 and 5339751?
17
Calculate the highest common factor of 1321375 and 1364.
341
What is the greatest common divisor of 836 and 4796?
44
Calculate the greatest common divisor of 530037 and 134.
67
Calculate the highest common factor of 9669 and 5567.
293
What is the highest common factor of 240156 and 448?
28
Calculate the highest common factor of 16952 and 520.
104
What is the greatest common factor of 6432 and 17956?
268
What is the greatest common factor of 15752 and 2244?
44
What is the highest common factor of 459004 and 156?
52
Calculate the highest common factor of 36 and 465828.
12
What is the highest common divisor of 168832 and 1152?
128
What is the highest common factor of 668833 and 22?
11
Calculate the greatest common factor of 8 and 157552.
8
Calculate the highest common divisor of 186 and 54746.
62
What is the greatest common factor of 7580 and 340?
20
Calculate the greatest common divisor of 13673 and 565.
113
What is the highest common divisor of 310 and 30790?
10
What is the greatest common factor of 219 and 519906?
219
What is the highest common factor of 765015 and 300?
15
What is the greatest common divisor of 8208 and 43852?
76
What is the greatest common divisor of 43914 and 396915?
1689
What is the greatest common divisor of 3280 and 272445?
205
Calculate the highest common factor of 234 and 73450.
26
Calculate the greatest common divisor of 540 and 31116.
12
What is the greatest common divisor of 305312 and 4606?
658
Calculate the highest common factor of 352203 and 3705.
57
Calculate the highest common factor of 61684 and 42.
14
What is the highest common factor of 1674 and 13826?
62
What is the greatest common factor of 1 and 698?
1
What is the greatest common factor of 3608 and 4796?
44
What is the greatest common factor of 350 and 287350?
350
What is the greatest common divisor of 75 and 215?
5
Calculate the highest common factor of 289538 and 15336.
142
What is the greatest common factor of 21672 and 60501?
903
Calculate the highest common divisor of 170 and 53370.
10
What is the greatest common factor of 156 and 287352?
156
Calculate the highest common divisor of 652 and 58354.
326
Calculate the highest common factor of 15 and 847835.
5
Calculate the highest common divisor of 126871 and 2023.
289
Calculate the greatest common factor of 32304 and 960.
48
Calculate the highest common factor of 72 and 42894.
18
What is the greatest common divisor of 482 and 35186?
482
Calculate the highest common factor of 2233 and 2523.
29
Calculate the greatest common factor of 33372 and 61884.
324
Calculate the highest common factor of 1152 and 2832.
48
Calculate the highest common divisor of 13818 and 725774.
658
Calculate the highest common factor of 8568 and 6579.
153
Calculate the highest common factor of 405 and 9795.
15
Calculate the greatest common factor of 1266 and 120059.
211
What is the highest common factor of 4215944 and 8?
8
What is the highest common divisor of 34 and 535874?
34
What is the highest common divisor of 9 and 9858141?
9
Calculate the greatest common factor of 56960 and 25.
5
What is the greatest common divisor of 48127 and 298?
149
Calculate the greatest common factor of 6 and 4042866.
6
What is the greatest common factor of 4536 and 4347?
189
Calculate the highest common divisor of 142 and 4.
2
What is the greatest common factor of 7102907 and 5572?
1393
What is the greatest common factor of 2115711 and 963?
963
Calculate the greatest common factor of 19904 and 22703.
311
What is the highest common factor of 2701 and 